{"id":27,"date":"2022-02-17T16:50:21","date_gmt":"2022-02-17T15:50:21","guid":{"rendered":"https:\/\/hotel-ziegler.com\/home\/?page_id=27"},"modified":"2026-04-18T08:55:49","modified_gmt":"2026-04-18T06:55:49","slug":"willkommen","status":"publish","type":"page","link":"https:\/\/www.hotel-ziegler.com\/home\/","title":{"rendered":"Willkommen"},"content":{"rendered":"\n<h3 class=\"wp-block-heading\" id=\"wir-begrussen-sie-herzlich-auf-der-homepage-vom-gastehaus-ziegler\"><strong>Wir begr\u00fc\u00dfen Sie herzlich im G\u00e4stehaus Ziegler<\/strong><\/h3>\n\n\n\n<p><br>Wir sind ein kleines,&nbsp; modernes und komfortables G\u00e4stehaus im Herzen der Stuttgarter City.<\/p>\n\n\n\n<p><br>Unser Haus liegt in zentraler Lage. In unmittelbarer Umgebung finden Sie, alles was Sie ben\u00f6tigen und in weniger als 5 Gehminuten befinden Sie sich auf der K\u00f6nigsstrasse, der Stuttgarter Einkaufsmeile.<br>Sie bekommen bei uns komfortable Einzel- und Doppel-Zimmer, die mit jeweils einem eigenen Nassbereich, TV, Telefon und kostenlosen WLAN ausgestattet sind.<br>Jeden Tag freuen wir uns, Ihnen ein gutes Fr\u00fchst\u00fcck an unserem Buffet anbieten zu k\u00f6nnen.<\/p>\n\n\n\n<p><br>Wir freuen uns auf Ihren Besuch.<br>Ihre Familie Ehrmann<br><\/p>\n\n\n\n<hr class=\"wp-block-separator has-alpha-channel-opacity is-style-wide\"\/>\n\n\n\n<h3 class=\"wp-block-heading has-text-align-center\"><strong>Unsere Zimmer<\/strong><\/h3>\n\n\n\n<div class=\"wp-block-columns has-background is-layout-flex wp-container-core-columns-is-layout-9d6595d7 wp-block-columns-is-layout-flex\" style=\"background-color:#e6e6e6\">\n<div class=\"wp-block-column is-layout-flow wp-block-column-is-layout-flow\">\n<figure class=\"wp-block-embed is-type-wp-embed is-provider-hotel-g-stehaus-ziegler wp-block-embed-hotel-g-stehaus-ziegler\"><div class=\"wp-block-embed__wrapper\">\n<blockquote class=\"wp-embedded-content\" data-secret=\"1PcV4l9QwZ\"><a href=\"https:\/\/www.hotel-ziegler.com\/home\/einzelzimmer\/\">Einzelzimmer ab 85.- \u20ac<\/a><\/blockquote><iframe loading=\"lazy\" class=\"wp-embedded-content\" sandbox=\"allow-scripts\" security=\"restricted\" style=\"position: absolute; visibility: hidden;\" title=\"&#8222;Einzelzimmer ab 85.- \u20ac&#8220; &#8211; Hotel G\u00e4stehaus Ziegler\" src=\"https:\/\/www.hotel-ziegler.com\/home\/einzelzimmer\/embed\/#?secret=47bzNKLdza#?secret=1PcV4l9QwZ\" data-secret=\"1PcV4l9QwZ\" width=\"600\" height=\"338\" frameborder=\"0\" marginwidth=\"0\" marginheight=\"0\" scrolling=\"no\"><\/iframe>\n<\/div><\/figure>\n<\/div>\n\n\n\n<div class=\"wp-block-column is-layout-flow wp-block-column-is-layout-flow\">\n<figure class=\"wp-block-embed is-type-wp-embed is-provider-hotel-g-stehaus-ziegler wp-block-embed-hotel-g-stehaus-ziegler\"><div class=\"wp-block-embed__wrapper\">\n<blockquote class=\"wp-embedded-content\" data-secret=\"WleqUFshe2\"><a href=\"https:\/\/www.hotel-ziegler.com\/home\/premium-einzelzimmer\/\">Premium-Zimmer ab 95.- \u20ac<\/a><\/blockquote><iframe loading=\"lazy\" class=\"wp-embedded-content\" sandbox=\"allow-scripts\" security=\"restricted\" style=\"position: absolute; visibility: hidden;\" title=\"&#8222;Premium-Zimmer ab 95.- \u20ac&#8220; &#8211; Hotel G\u00e4stehaus Ziegler\" src=\"https:\/\/www.hotel-ziegler.com\/home\/premium-einzelzimmer\/embed\/#?secret=4J2OMBzfrc#?secret=WleqUFshe2\" data-secret=\"WleqUFshe2\" width=\"600\" height=\"338\" frameborder=\"0\" marginwidth=\"0\" marginheight=\"0\" scrolling=\"no\"><\/iframe>\n<\/div><\/figure>\n<\/div>\n\n\n\n<div class=\"wp-block-column is-layout-flow wp-block-column-is-layout-flow\">\n<figure class=\"wp-block-embed is-type-wp-embed is-provider-hotel-g-stehaus-ziegler wp-block-embed-hotel-g-stehaus-ziegler\"><div class=\"wp-block-embed__wrapper\">\n<blockquote class=\"wp-embedded-content\" data-secret=\"zbKygTdJWs\"><a href=\"https:\/\/www.hotel-ziegler.com\/home\/doppelzimmer\/\">Doppelzimmer ab 130.- \u20ac<\/a><\/blockquote><iframe loading=\"lazy\" class=\"wp-embedded-content\" sandbox=\"allow-scripts\" security=\"restricted\" style=\"position: absolute; visibility: hidden;\" title=\"&#8222;Doppelzimmer ab 130.- \u20ac&#8220; &#8211; Hotel G\u00e4stehaus Ziegler\" src=\"https:\/\/www.hotel-ziegler.com\/home\/doppelzimmer\/embed\/#?secret=9DyGowWICX#?secret=zbKygTdJWs\" data-secret=\"zbKygTdJWs\" width=\"600\" height=\"338\" frameborder=\"0\" marginwidth=\"0\" marginheight=\"0\" scrolling=\"no\"><\/iframe>\n<\/div><\/figure>\n<\/div>\n<\/div>\n\n\n\n<p class=\"has-text-align-center\"><\/p>\n\n\n\n<hr class=\"wp-block-separator has-alpha-channel-opacity is-style-wide\"\/>\n\n\n\n<h3 class=\"wp-block-heading has-text-align-center\"><strong>Hier finden Sie uns<\/strong><\/h3>\n\n\n\n<div class=\"wp-block-columns has-background is-layout-flex wp-container-core-columns-is-layout-9d6595d7 wp-block-columns-is-layout-flex\" style=\"background-color:#e6e6e6\">\n<div class=\"wp-block-column is-layout-flow wp-block-column-is-layout-flow\">    <div class=\"exggmap-wrapper is-style-wide\" style=\"aspect-ratio:16 \/ 9\">\r\n      <div class=\"exggmap-mask\" style=\"background-color: #efefef; color:#444444\">\r\n        <div class=\"exggmap-mask-content\">\r\n        <p class=\"exggmap-caption\">DSGVO MAP<\/p>\r\n            <button style=\"color: #444444; background-color: #dc7042; border-color: #444444\"  id=\"exggmap-btn\">Karte laden *<\/button>\r\n        <\/div>\r\n              <\/div>\r\n      <iframe\r\n        data-src=\"https:\/\/www.google.com\/maps\/embed?pb=!1m18!1m12!1m3!1d92.775066960603!2d9.187859489866636!3d48.773919596703095!2m3!1f0!2f39.4348775701568!3f0!3m2!1i1024!2i768!4f35!3m3!1m2!1s0x4799c4b5de456389%3A0x9c69ae415cfae63c!2sG%C3%A4stehaus%20Ziegler!5e1!3m2!1sde!2sde!4v1692011687953!5m2!1sde!2sde\"\r\n        frameborder=\"0\"\r\n        allowfullscreen=\"\"\r\n        aria-hidden=\"false\"\r\n        tabindex=\"0\">\r\n      <\/iframe>\r\n    <\/div>\r\n    <p class=\"exampp-hints\">\r\n    * Mit dem Laden der Karte akzeptierst du die Datenschutzerkl\u00e4rung von Google.      <a\r\n        target=\"_blank\"\r\n        rel=\"noopener noreferrer\"\r\n        href=\"https:\/\/policies.google.com\/privacy?hl=de\">Mehr erfahren<\/a>\r\n    <\/p>\r\n\t\n<\/div>\n<\/div>\n\n\n\n<p> <\/p>\n\n\n\n<hr class=\"wp-block-separator has-alpha-channel-opacity is-style-wide\"\/>\n\n\n\n<p class=\"has-text-align-center\"> <\/p>\n\n\n\n<h3 class=\"wp-block-heading has-text-align-center\"><strong>Parkpl\u00e4tze<\/strong><\/h3>\n\n\n<div class=\"wp-block-image\">\n<figure class=\"aligncenter size-full is-resized\"><a href=\"https:\/\/www.hotel-ziegler.com\/home\/wp-content\/uploads\/2026\/04\/Parkplatz.png\"><img loading=\"lazy\" decoding=\"async\" width=\"500\" height=\"501\" src=\"https:\/\/www.hotel-ziegler.com\/home\/wp-content\/uploads\/2026\/04\/Parkplatz.png\" alt=\"\" class=\"wp-image-467\" style=\"aspect-ratio:0.9980806142034548;width:80px\" srcset=\"https:\/\/www.hotel-ziegler.com\/home\/wp-content\/uploads\/2026\/04\/Parkplatz.png 500w, https:\/\/www.hotel-ziegler.com\/home\/wp-content\/uploads\/2026\/04\/Parkplatz-300x300.png 300w, https:\/\/www.hotel-ziegler.com\/home\/wp-content\/uploads\/2026\/04\/Parkplatz-150x150.png 150w\" sizes=\"auto, (max-width: 500px) 100vw, 500px\" \/><\/a><\/figure>\n<\/div>\n\n\n<p>Das G\u00e4stehaus verf\u00fcgt \u00fcber keine eigenen Parkpl\u00e4tze, Sie k\u00f6nnen jedoch bei der Anreise in den gekennzeichneten Ladezonen durchaus kurz halten und einchecken.<br><br>Einen Park &amp; Ride Parkplatz mit sehr g\u00fcnstigen Konditionen gibt es in Degerloch, bitte die Adresse &#8220;L\u00f6ffelstra\u00dfe 43, 70597 Stuttgart&#8221; im Navi eingeben.\u00a0Dieses Parkhaus befindet sich in Degerloch direkt am CMS-Tower an der B 27. Das Park-and-Ride-System bew\u00e4hrt sich sehr: Der Parkschein gilt neben der Parkberechtigung auch f\u00fcr beliebig viele Fahrten mit VVS-Verkehrsmitteln in der 2. Klasse in der Tarifzone 1 (Innenstadtbereich Stuttgart). Von dort kommen Sie mit der U5, U6 und der U12 bis zur Haltestelle Olgaeck in wenigen Minuten.<br><br>\u00d6ffentliche Parkpl\u00e4tze (Kostenpflichtig) gibt es in unmittelbarer N\u00e4he, falls Sie keinen freien finden sollten gibt es noch das Parkhaus Z\u00fcblin (Bitte\u00a0Lazarettstra\u00dfe 5, 70182 Stuttgart ins Navigationssystem eingeben). Das Parkhaus Z\u00fcblin ist etwa 700-900 Meter vom G\u00e4stehaus entfernt.<br><br>Auch im nahen Justizviertel gibt es ein \u00f6ffentliches Parkhaus an der Landesbibliothek (Bitte\u00a0Konrad-Adenauer-Stra\u00dfe 10, 70173 Stuttgart im Navigationssystem eingeben). Dieses Parkhaus ist ungef\u00e4hr 650 Meter vom G\u00e4stehaus entfernt.<\/p>\n\n\n\n<p><\/p>\n","protected":false},"excerpt":{"rendered":"<p>Wir begr\u00fc\u00dfen Sie herzlich im G\u00e4stehaus Ziegler Wir sind ein kleines,&nbsp; modernes und komfortables G\u00e4stehaus im Herzen der Stuttgarter City. Unser Haus liegt in zentraler Lage. In unmittelbarer Umgebung finden &#8230;<\/p>\n","protected":false},"author":1,"featured_media":0,"parent":0,"menu_order":0,"comment_status":"closed","ping_status":"closed","template":"","meta":{"footnotes":""},"class_list":["post-27","page","type-page","status-publish","hentry"],"yoast_head":"<!-- This site is optimized with the Yoast SEO plugin v27.5 - https:\/\/yoast.com\/product\/yoast-seo-wordpress\/ -->\n<title>Willkommen - Hotel G\u00e4stehaus Ziegler<\/title>\n<meta name=\"robots\" content=\"index, follow, max-snippet:-1, max-image-preview:large, max-video-preview:-1\" \/>\n<link rel=\"canonical\" href=\"https:\/\/www.hotel-ziegler.com\/home\/\" \/>\n<meta property=\"og:locale\" content=\"de_DE\" \/>\n<meta property=\"og:type\" content=\"article\" \/>\n<meta property=\"og:title\" content=\"Willkommen - Hotel G\u00e4stehaus Ziegler\" \/>\n<meta property=\"og:description\" content=\"Wir begr\u00fc\u00dfen Sie herzlich im G\u00e4stehaus Ziegler Wir sind ein kleines,&nbsp; modernes und komfortables G\u00e4stehaus im Herzen der Stuttgarter City. Unser Haus liegt in zentraler Lage. In unmittelbarer Umgebung finden ...\" \/>\n<meta property=\"og:url\" content=\"https:\/\/www.hotel-ziegler.com\/home\/\" \/>\n<meta property=\"og:site_name\" content=\"Hotel G\u00e4stehaus Ziegler\" \/>\n<meta property=\"article:modified_time\" content=\"2026-04-18T06:55:49+00:00\" \/>\n<meta property=\"og:image\" content=\"https:\/\/www.hotel-ziegler.com\/home\/wp-content\/uploads\/2026\/04\/Parkplatz.png\" \/>\n\t<meta property=\"og:image:width\" content=\"500\" \/>\n\t<meta property=\"og:image:height\" content=\"501\" \/>\n\t<meta property=\"og:image:type\" content=\"image\/png\" \/>\n<meta name=\"twitter:card\" content=\"summary_large_image\" \/>\n<meta name=\"twitter:label1\" content=\"Gesch\u00e4tzte Lesezeit\" \/>\n\t<meta name=\"twitter:data1\" content=\"2\u00a0Minuten\" \/>\n<script type=\"application\/ld+json\" class=\"yoast-schema-graph\">{\"@context\":\"https:\\\/\\\/schema.org\",\"@graph\":[{\"@type\":\"WebPage\",\"@id\":\"https:\\\/\\\/www.hotel-ziegler.com\\\/home\\\/\",\"url\":\"https:\\\/\\\/www.hotel-ziegler.com\\\/home\\\/\",\"name\":\"Willkommen - Hotel G\u00e4stehaus Ziegler\",\"isPartOf\":{\"@id\":\"https:\\\/\\\/www.hotel-ziegler.com\\\/home\\\/#website\"},\"primaryImageOfPage\":{\"@id\":\"https:\\\/\\\/www.hotel-ziegler.com\\\/home\\\/#primaryimage\"},\"image\":{\"@id\":\"https:\\\/\\\/www.hotel-ziegler.com\\\/home\\\/#primaryimage\"},\"thumbnailUrl\":\"https:\\\/\\\/www.hotel-ziegler.com\\\/home\\\/wp-content\\\/uploads\\\/2026\\\/04\\\/Parkplatz.png\",\"datePublished\":\"2022-02-17T15:50:21+00:00\",\"dateModified\":\"2026-04-18T06:55:49+00:00\",\"breadcrumb\":{\"@id\":\"https:\\\/\\\/www.hotel-ziegler.com\\\/home\\\/#breadcrumb\"},\"inLanguage\":\"de\",\"potentialAction\":[{\"@type\":\"ReadAction\",\"target\":[\"https:\\\/\\\/www.hotel-ziegler.com\\\/home\\\/\"]}]},{\"@type\":\"ImageObject\",\"inLanguage\":\"de\",\"@id\":\"https:\\\/\\\/www.hotel-ziegler.com\\\/home\\\/#primaryimage\",\"url\":\"https:\\\/\\\/www.hotel-ziegler.com\\\/home\\\/wp-content\\\/uploads\\\/2026\\\/04\\\/Parkplatz.png\",\"contentUrl\":\"https:\\\/\\\/www.hotel-ziegler.com\\\/home\\\/wp-content\\\/uploads\\\/2026\\\/04\\\/Parkplatz.png\"},{\"@type\":\"BreadcrumbList\",\"@id\":\"https:\\\/\\\/www.hotel-ziegler.com\\\/home\\\/#breadcrumb\",\"itemListElement\":[{\"@type\":\"ListItem\",\"position\":1,\"name\":\"Startseite\",\"item\":\"https:\\\/\\\/www.hotel-ziegler.com\\\/home\\\/\"},{\"@type\":\"ListItem\",\"position\":2,\"name\":\"Willkommen\"}]},{\"@type\":\"WebSite\",\"@id\":\"https:\\\/\\\/www.hotel-ziegler.com\\\/home\\\/#website\",\"url\":\"https:\\\/\\\/www.hotel-ziegler.com\\\/home\\\/\",\"name\":\"Hotel G\u00e4stehaus Ziegler\",\"description\":\"Dein Hotel im Herzen Stuttgarts\",\"publisher\":{\"@id\":\"https:\\\/\\\/www.hotel-ziegler.com\\\/home\\\/#organization\"},\"alternateName\":\"Hotel G\u00e4stehaus Ziegler Stuttgart\",\"potentialAction\":[{\"@type\":\"SearchAction\",\"target\":{\"@type\":\"EntryPoint\",\"urlTemplate\":\"https:\\\/\\\/www.hotel-ziegler.com\\\/home\\\/?s={search_term_string}\"},\"query-input\":{\"@type\":\"PropertyValueSpecification\",\"valueRequired\":true,\"valueName\":\"search_term_string\"}}],\"inLanguage\":\"de\"},{\"@type\":\"Organization\",\"@id\":\"https:\\\/\\\/www.hotel-ziegler.com\\\/home\\\/#organization\",\"name\":\"Hotel G\u00e4stehaus Ziegler\",\"alternateName\":\"G\u00e4stehaus Ziegler Stuttgart\",\"url\":\"https:\\\/\\\/www.hotel-ziegler.com\\\/home\\\/\",\"logo\":{\"@type\":\"ImageObject\",\"inLanguage\":\"de\",\"@id\":\"https:\\\/\\\/www.hotel-ziegler.com\\\/home\\\/#\\\/schema\\\/logo\\\/image\\\/\",\"url\":\"https:\\\/\\\/www.hotel-ziegler.com\\\/home\\\/wp-content\\\/uploads\\\/2023\\\/07\\\/ghz-logo-mit_tel.jpg\",\"contentUrl\":\"https:\\\/\\\/www.hotel-ziegler.com\\\/home\\\/wp-content\\\/uploads\\\/2023\\\/07\\\/ghz-logo-mit_tel.jpg\",\"width\":535,\"height\":420,\"caption\":\"Hotel G\u00e4stehaus Ziegler\"},\"image\":{\"@id\":\"https:\\\/\\\/www.hotel-ziegler.com\\\/home\\\/#\\\/schema\\\/logo\\\/image\\\/\"}}]}<\/script>\n<!-- \/ Yoast SEO plugin. -->","yoast_head_json":{"title":"Willkommen - Hotel G\u00e4stehaus Ziegler","robots":{"index":"index","follow":"follow","max-snippet":"max-snippet:-1","max-image-preview":"max-image-preview:large","max-video-preview":"max-video-preview:-1"},"canonical":"https:\/\/www.hotel-ziegler.com\/home\/","og_locale":"de_DE","og_type":"article","og_title":"Willkommen - Hotel G\u00e4stehaus Ziegler","og_description":"Wir begr\u00fc\u00dfen Sie herzlich im G\u00e4stehaus Ziegler Wir sind ein kleines,&nbsp; modernes und komfortables G\u00e4stehaus im Herzen der Stuttgarter City. Unser Haus liegt in zentraler Lage. In unmittelbarer Umgebung finden ...","og_url":"https:\/\/www.hotel-ziegler.com\/home\/","og_site_name":"Hotel G\u00e4stehaus Ziegler","article_modified_time":"2026-04-18T06:55:49+00:00","og_image":[{"width":500,"height":501,"url":"https:\/\/www.hotel-ziegler.com\/home\/wp-content\/uploads\/2026\/04\/Parkplatz.png","type":"image\/png"}],"twitter_card":"summary_large_image","twitter_misc":{"Gesch\u00e4tzte Lesezeit":"2\u00a0Minuten"},"schema":{"@context":"https:\/\/schema.org","@graph":[{"@type":"WebPage","@id":"https:\/\/www.hotel-ziegler.com\/home\/","url":"https:\/\/www.hotel-ziegler.com\/home\/","name":"Willkommen - Hotel G\u00e4stehaus Ziegler","isPartOf":{"@id":"https:\/\/www.hotel-ziegler.com\/home\/#website"},"primaryImageOfPage":{"@id":"https:\/\/www.hotel-ziegler.com\/home\/#primaryimage"},"image":{"@id":"https:\/\/www.hotel-ziegler.com\/home\/#primaryimage"},"thumbnailUrl":"https:\/\/www.hotel-ziegler.com\/home\/wp-content\/uploads\/2026\/04\/Parkplatz.png","datePublished":"2022-02-17T15:50:21+00:00","dateModified":"2026-04-18T06:55:49+00:00","breadcrumb":{"@id":"https:\/\/www.hotel-ziegler.com\/home\/#breadcrumb"},"inLanguage":"de","potentialAction":[{"@type":"ReadAction","target":["https:\/\/www.hotel-ziegler.com\/home\/"]}]},{"@type":"ImageObject","inLanguage":"de","@id":"https:\/\/www.hotel-ziegler.com\/home\/#primaryimage","url":"https:\/\/www.hotel-ziegler.com\/home\/wp-content\/uploads\/2026\/04\/Parkplatz.png","contentUrl":"https:\/\/www.hotel-ziegler.com\/home\/wp-content\/uploads\/2026\/04\/Parkplatz.png"},{"@type":"BreadcrumbList","@id":"https:\/\/www.hotel-ziegler.com\/home\/#breadcrumb","itemListElement":[{"@type":"ListItem","position":1,"name":"Startseite","item":"https:\/\/www.hotel-ziegler.com\/home\/"},{"@type":"ListItem","position":2,"name":"Willkommen"}]},{"@type":"WebSite","@id":"https:\/\/www.hotel-ziegler.com\/home\/#website","url":"https:\/\/www.hotel-ziegler.com\/home\/","name":"Hotel G\u00e4stehaus Ziegler","description":"Dein Hotel im Herzen Stuttgarts","publisher":{"@id":"https:\/\/www.hotel-ziegler.com\/home\/#organization"},"alternateName":"Hotel G\u00e4stehaus Ziegler Stuttgart","potentialAction":[{"@type":"SearchAction","target":{"@type":"EntryPoint","urlTemplate":"https:\/\/www.hotel-ziegler.com\/home\/?s={search_term_string}"},"query-input":{"@type":"PropertyValueSpecification","valueRequired":true,"valueName":"search_term_string"}}],"inLanguage":"de"},{"@type":"Organization","@id":"https:\/\/www.hotel-ziegler.com\/home\/#organization","name":"Hotel G\u00e4stehaus Ziegler","alternateName":"G\u00e4stehaus Ziegler Stuttgart","url":"https:\/\/www.hotel-ziegler.com\/home\/","logo":{"@type":"ImageObject","inLanguage":"de","@id":"https:\/\/www.hotel-ziegler.com\/home\/#\/schema\/logo\/image\/","url":"https:\/\/www.hotel-ziegler.com\/home\/wp-content\/uploads\/2023\/07\/ghz-logo-mit_tel.jpg","contentUrl":"https:\/\/www.hotel-ziegler.com\/home\/wp-content\/uploads\/2023\/07\/ghz-logo-mit_tel.jpg","width":535,"height":420,"caption":"Hotel G\u00e4stehaus Ziegler"},"image":{"@id":"https:\/\/www.hotel-ziegler.com\/home\/#\/schema\/logo\/image\/"}}]}},"_links":{"self":[{"href":"https:\/\/www.hotel-ziegler.com\/home\/wp-json\/wp\/v2\/pages\/27","targetHints":{"allow":["GET"]}}],"collection":[{"href":"https:\/\/www.hotel-ziegler.com\/home\/wp-json\/wp\/v2\/pages"}],"about":[{"href":"https:\/\/www.hotel-ziegler.com\/home\/wp-json\/wp\/v2\/types\/page"}],"author":[{"embeddable":true,"href":"https:\/\/www.hotel-ziegler.com\/home\/wp-json\/wp\/v2\/users\/1"}],"replies":[{"embeddable":true,"href":"https:\/\/www.hotel-ziegler.com\/home\/wp-json\/wp\/v2\/comments?post=27"}],"version-history":[{"count":25,"href":"https:\/\/www.hotel-ziegler.com\/home\/wp-json\/wp\/v2\/pages\/27\/revisions"}],"predecessor-version":[{"id":469,"href":"https:\/\/www.hotel-ziegler.com\/home\/wp-json\/wp\/v2\/pages\/27\/revisions\/469"}],"wp:attachment":[{"href":"https:\/\/www.hotel-ziegler.com\/home\/wp-json\/wp\/v2\/media?parent=27"}],"curies":[{"name":"wp","href":"https:\/\/api.w.org\/{rel}","templated":true}]}}